{"id":5080,"date":"2024-07-17T16:11:54","date_gmt":"2024-07-17T16:11:54","guid":{"rendered":"https:\/\/xtreme-seguros.com\/?page_id=5080"},"modified":"2024-07-17T16:11:55","modified_gmt":"2024-07-17T16:11:55","slug":"solicitud-de-derechos-rectificacion","status":"publish","type":"page","link":"https:\/\/xtreme-seguros.com\/index.php\/solicitud-de-derechos-rectificacion\/","title":{"rendered":"PROCEDIMIENTO PARA LA SOLICITUD DE LOS DERECHOS DE ACCESO, RECTIFICACI\u00d3N, SUPRESI\u00d3N, OPOSICI\u00d3N, LIMITACI\u00d3N Y PORTABILIDAD DE DATOS PERSONALES, ASI COMO EL DERECHO A NO SER OBJETO DE DECISIONES INDIVIDUALIZADAS"},"content":{"rendered":"\n<p>En Xtreme Group nos comprometemos a facilitar al interesado el ejercicio de sus derechos a trav\u00e9s de procedimientos gratuitos, visibles, accesibles y sencillos.<\/p>\n\n\n\n<h3 class=\"wp-block-heading\"><strong>1. CAPACIDAD Y CONDICIONES PARA EL EJERCICIO DE LOS DERECHOS<\/strong><\/h3>\n\n\n\n<p>El ejercicio de estos derechos es personal\u00edsimo, por lo que <strong>s\u00f3lo podr\u00e1n ser ejercidos:<\/strong><\/p>\n\n\n\n<p>a) Por el propio interesado o titular, acreditando su identidad. No ser\u00e1n atendidas las solicitudes de ejercicio que se efect\u00faen a trav\u00e9s de un tercero o por el propio interesado por tel\u00e9fono o cualquier otro medio que no permita acreditar la identidad del interesado.<\/p>\n\n\n\n<p>b) Por el representante legal del titular o interesado, previa acreditaci\u00f3n de su condici\u00f3n, cuando \u00e9ste se encuentre en situaci\u00f3n de incapacidad o minor\u00eda de edad que le imposibilite el ejercicio de esos derechos.<\/p>\n\n\n\n<p>c) Por un representante voluntario expresamente designado para el ejercicio de ese derecho, mediante la aportaci\u00f3n de copia del Documento Nacional de Identidad o documento equivalente del interesado y la representaci\u00f3n conferida por \u00e9ste.<\/p>\n\n\n\n<p>d) Por las personas vinculadas al fallecido, titular de los datos, por razones familiares o an\u00e1logas para solicitar la cancelaci\u00f3n de los datos.<\/p>\n\n\n\n<p>Al ser derechos independientes, no ser\u00e1 necesario el ejercicio previo de ninguno de ellos para el ejercicio del otro.<\/p>\n\n\n\n<p>En ning\u00fan caso se impondr\u00e1 al solicitante coste alguno para la atenci\u00f3n de sus derechos.<\/p>\n\n\n\n<h3 class=\"wp-block-heading\"><strong>2. SOLICITUDES<\/strong><\/h3>\n\n\n\n<p>Las solicitudes deber\u00e1n estar dirigidas directamente a la direcci\u00f3n que, en cada momento, figure en los cuestionarios y documentos de recogida de datos, y en cualquier caso podr\u00e1:<\/p>\n\n\n\n<ul class=\"wp-block-list\">\n<li>Remitir un correo electr\u00f3nico dirigido a <a href=\"mailto:clientes@xtreme-seguros.com\">clientes@xtreme-seguros.com<\/a><\/li>\n\n\n\n<li>Remitir una comunicaci\u00f3n escrita dirigida a:<\/li>\n<\/ul>\n\n\n\n<p><strong>Xtreme Insurance Broker Group S.L.<\/strong><strong><br><\/strong><strong>C\/ Don Lope de Sosa, 42<\/strong><strong><br><\/strong><strong>14004 &#8211; C\u00f3rdoba<\/strong><\/p>\n\n\n\n<p>Si lo desea, puede utilizar el <strong>MODELO DE SOLICITUD<\/strong> que le facilitamos <a href=\"https:\/\/xtreme-seguros.com\/wp-content\/uploads\/2024\/07\/MODELO-POR-COMPLETAR-POR-EL-INTERESADO-SOLICITANDO-EL-EJERCICIO-DE-SUS-DERECHOS.pdf\" data-type=\"link\" data-id=\"https:\/\/xtreme-seguros.com\/wp-content\/uploads\/2024\/07\/MODELO-POR-COMPLETAR-POR-EL-INTERESADO-SOLICITANDO-EL-EJERCICIO-DE-SUS-DERECHOS.pdf\">en este enlace<\/a>.<\/p>\n\n\n\n<p><strong>La solicitud deber\u00e1 contener:<\/strong><\/p>\n\n\n\n<p>a) Nombre, apellidos del interesado y fotocopia de su documento nacional de identidad o pasaporte y, en los casos que se admita, de la persona que le represente, as\u00ed como del documento acreditativo de tal representaci\u00f3n. La fotocopia del documento nacional de identidad o del pasaporte podr\u00e1 ser sustituida por copia de documento equivalente que acredite su identidad conforme a derecho.<\/p>\n\n\n\n<p>b) Petici\u00f3n en que se concreta la solicitud. Cuando se trate del derecho de acceso, se deber\u00e1 especificar el sistema de consulta elegido y cuando se trate de solicitud de rectificaci\u00f3n se deber\u00e1 indicar el dato que es err\u00f3neo y la correcci\u00f3n que debe realizarse<\/p>\n\n\n\n<p>c) Domicilio a efectos de notificaciones, fecha y firma del solicitante.<\/p>\n\n\n\n<p>d) Documentos acreditativos de la petici\u00f3n que formula, en su caso.<\/p>\n\n\n\n<p><strong>Se rechazar\u00e1 la solicitud en los siguientes casos:<\/strong><\/p>\n\n\n\n<p>a) Cuando sea presentada por persona jur\u00eddica.<\/p>\n\n\n\n<p>b) Cuando el solicitante sea una persona distinta del interesado o de su representante.<\/p>\n\n\n\n<p>c) Cuando no se indique el fichero o ficheros sobre los que se ejercitan los derechos de acceso, rectificaci\u00f3n o cancelaci\u00f3n.<\/p>\n\n\n\n<p>d) Cuando la solicitud sea manifiestamente infundada o excesiva, especialmente debido a su car\u00e1cter repetitivo (ejercicio del derecho de acceso en m\u00e1s de una ocasi\u00f3n durante el plazo de seis meses, a menos que exista causa leg\u00edtima para ello).<\/p>\n\n\n\n<p>e) En el caso del derecho de rectificaci\u00f3n, cuando no se indique el dato que es err\u00f3neo y la correcci\u00f3n que debe realizarse.<\/p>\n\n\n\n<p>f) Cuando se trate de solicitudes gen\u00e9ricas.<\/p>\n\n\n\n<p>Si solicitado el ejercicio del derecho se considera que no procede, as\u00ed se le indicar\u00e1 de forma motivada dentro de un plazo de un mes a contar desde la recepci\u00f3n de la solicitud.<\/p>\n\n\n\n<p>La entidad comunicar\u00e1 cualquier rectificaci\u00f3n o supresi\u00f3n de datos personales o limitaci\u00f3n del tratamiento efectuada a cada uno de los destinatarios a los que se hayan comunicado los datos personales, salvo que sea imposible o exija un esfuerzo desproporcionado. La entidad informar\u00e1 al interesado acerca de dichos destinatarios, si este as\u00ed lo solicita.<\/p>\n\n\n\n<h3 class=\"wp-block-heading\"><strong>COMUNICACIONES COMERCIALES<\/strong><\/h3>\n\n\n\n<p>Si lo que desea es dejar de recibir publicidad, podr\u00e1 darse de baja empleando el mecanismo facilitado en cada comunicaci\u00f3n comercial (pulsando el link \u201cBaja Usuario\u201d), o remitir un correo electr\u00f3nico en dicho sentido desde el mismo email que nos facilit\u00f3 dirigido a clientes@xtreme-seguros.com<\/p>\n\n\n\n<h3 class=\"wp-block-heading\"><strong>3. DERECHO DE ACCESO<\/strong><\/h3>\n\n\n\n<p><strong>El interesado tiene derecho a solicitar y obtener informaci\u00f3n de sus datos de car\u00e1cter personal incluidos en los ficheros de la entidad.<\/strong><\/p>\n\n\n\n<p>El interesado podr\u00e1 ejercitar su derecho de acceso en intervalos no inferiores a 6 meses, salvo que acredite un inter\u00e9s leg\u00edtimo.<\/p>\n\n\n\n<ul class=\"wp-block-list\">\n<li>Medios de obtenci\u00f3n de la informaci\u00f3n y contestaciones<\/li>\n<\/ul>\n\n\n\n<p>Cuando el interesado presente la solicitud por medios electr\u00f3nicos, y a menos que este solicite que se facilite de otro modo, la informaci\u00f3n se facilitar\u00e1 en un formato electr\u00f3nico de uso com\u00fan.<\/p>\n\n\n\n<p>La informaci\u00f3n que se proporcione al interesado, cualquiera que sea el soporte en que fuere facilitada, se dar\u00e1 de forma legible e inteligible, previa trascripci\u00f3n en claro de los datos del fichero, en su caso, y comprender\u00e1:<\/p>\n\n\n\n<p>a) Los fines del tratamiento;<\/p>\n\n\n\n<p>b) Las categor\u00edas de datos personales de que se trate;<\/p>\n\n\n\n<p>c) Los destinatarios o las categor\u00edas de destinatarios a los que se comunicaron o ser\u00e1n comunicados los datos personales, en particular destinatarios en terceros u organizaciones internacionales;<\/p>\n\n\n\n<p>d) De ser posible, el plazo previsto de conservaci\u00f3n de los datos personales o, de no ser posible, los criterios utilizados para determinar este plazo;<\/p>\n\n\n\n<p>e) La existencia del derecho a solicitar la rectificaci\u00f3n o supresi\u00f3n de datos personales o la limitaci\u00f3n del tratamiento de datos personales relativos al interesado, o a oponerse a dicho tratamiento;<\/p>\n\n\n\n<p>f) El derecho a presentar una reclamaci\u00f3n ante una autoridad de control;<\/p>\n\n\n\n<p>g) Cuando los datos personales no se hayan obtenido del interesado, cualquier informaci\u00f3n disponible sobre su origen;<\/p>\n\n\n\n<p>h) La existencia de decisiones automatizadas, incluida la elaboraci\u00f3n de perfiles, y, al menos en tales casos, informaci\u00f3n significativa sobre la l\u00f3gica aplicada, as\u00ed como la importancia y las consecuencias previstas de dicho tratamiento para el interesado;<\/p>\n\n\n\n<p>En el caso de que no dispongamos de datos de car\u00e1cter personal del interesado, le comunicaremos esta circunstancia en el plazo de un mes.<\/p>\n\n\n\n<h3 class=\"wp-block-heading\"><strong>4. DERECHO DE RECTIFICACI\u00d3N<\/strong><\/h3>\n\n\n\n<p><strong>El derecho de rectificaci\u00f3n consiste en la posibilidad de que el interesado exija que se cumpla con el principio de calidad de los datos, cuando \u00e9stos son err\u00f3neos o incompletos, dando lugar a que el tratamiento sea fiel reflejo de la realidad.<\/strong><\/p>\n\n\n\n<p>Cuando el acceso a los ficheros revelare que los datos del interesado son inexactos o incompletos, inadecuados o excesivos, \u00e9ste podr\u00e1 solicitar la rectificaci\u00f3n.<\/p>\n\n\n\n<p>Si se considera procedente la rectificaci\u00f3n solicitada, se comunicar\u00e1 al interesado que se ha procedido a rectificar los datos solicitados.<\/p>\n\n\n\n<p>Si los datos rectificados hubieran sido cedidos previamente, se notificar\u00e1 la rectificaci\u00f3n efectuada al cesionario, en id\u00e9ntico plazo y por el medio pertinente, para que \u00e9ste a su vez la lleve a cabo en su fichero.<\/p>\n\n\n\n<h3 class=\"wp-block-heading\"><strong>5. DERECHO DE SUPRESI\u00d3N O \u201cDERECHO AL OLVIDO\u201d<\/strong><\/h3>\n\n\n\n<p><strong>El derecho de supresi\u00f3n es el derecho del interesado a que se excluyan del tratamiento datos de car\u00e1cter personal, ya sea por ser err\u00f3neos o por no interesarle que se sometan a tratamiento. Por tanto el derecho puede referirse tanto a la totalidad como a alguno de ellos concretamente.<\/strong><\/p>\n\n\n\n<p>En los casos en que, siendo procedente la supresi\u00f3n de los datos, no sea posible su extinci\u00f3n f\u00edsica, tanto por razones t\u00e9cnicas como por causa del procedimiento o soporte utilizado, Xtreme Group proceder\u00e1 al bloqueo de los datos con el fin de impedir su ulterior proceso o utilizaci\u00f3n.<\/p>\n\n\n\n<p>La supresi\u00f3n no proceder\u00e1 cuando el tratamiento sea necesario para ejercer el derecho a la libertad de expresi\u00f3n e informaci\u00f3n; cuando pudiese causar un perjuicio a intereses leg\u00edtimos del interesado o de terceros o cuando existiese una obligaci\u00f3n legal de conservar los datos; cuando exista una relaci\u00f3n contractual; cuando deban gestionarse pagos y cobros; o cuando su mantenimiento sea necesario para el adecuado cumplimiento de los fines leg\u00edtimos de la entidad.<\/p>\n\n\n\n<p>En estos supuestos y de cualquier modo finalizado la raz\u00f3n o base de legitimaci\u00f3n para el tratamiento, Xtreme Group proceder\u00e1 al bloqueo de los datos con el fin de impedir su ulterior proceso o utilizaci\u00f3n.<\/p>\n\n\n\n<p>Cuando la supresi\u00f3n derive del ejercicio del derecho de oposici\u00f3n, Xtreme Group podr\u00e1 conservar los datos identificativos del interesado necesarios con el fin de impedir tratamientos futuros para fines de mercadotecnia directa.<\/p>\n\n\n\n<p>Si se considera procedente la supresi\u00f3n solicitada, se comunicar\u00e1 al interesado que se ha procedido a suprimir los datos solicitados.<\/p>\n\n\n\n<p>Si los datos suprimidos hubieran sido cedidos previamente, se deber\u00e1 notificar la supresi\u00f3n efectuada al cesionario, en id\u00e9ntico plazo y por el medio pertinente, para que \u00e9ste a su vez la lleve a cabo en su fichero.<\/p>\n\n\n\n<h3 class=\"wp-block-heading\"><strong>6. DERECHO DE OPOSICI\u00d3N<\/strong><\/h3>\n\n\n\n<p><strong>El interesado tendr\u00e1 derecho a oponerse en cualquier momento al tratamiento de tus datos personales:<\/strong><\/p>\n\n\n\n<ul class=\"wp-block-list\">\n<li>Cuando por motivos relacionados con tu situaci\u00f3n personal, debe cesar el tratamiento de tus datos salvo que se acredite un inter\u00e9s leg\u00edtimo, o sea necesario para el ejercicio o defensa de reclamaciones.<\/li>\n\n\n\n<li>Cuando el tratamiento tenga por objeto la mercadotecnia directa.<\/li>\n<\/ul>\n\n\n\n<p>La entidad dejar\u00e1 de tratar los datos personales, salvo que acredite motivos leg\u00edtimos imperiosos para el tratamiento que prevalezcan sobre los intereses, los derechos y las libertades del interesado, o para la formulaci\u00f3n, el ejercicio o la defensa de reclamaciones.<\/p>\n\n\n\n<p>En el caso de que no se disponga de datos de car\u00e1cter personal del interesado, esta circunstancia ser\u00e1 comunicada al interesado.<\/p>\n\n\n\n<p>En el caso de que la entidad disponga de datos de car\u00e1cter personal del interesado, excluir\u00e1 del tratamiento los datos, salvo que proceda la denegaci\u00f3n en cuyo caso ser\u00e1 debidamente motivada.<\/p>\n\n\n\n<h3 class=\"wp-block-heading\"><strong>7. DERECHO A LA LIMITACI\u00d3N DEL TRATAMIENTO<\/strong><\/h3>\n\n\n\n<p><strong>El interesado tendr\u00e1 derecho a obtener la limitaci\u00f3n del tratamiento de los datos cuando se cumpla alguna de las condiciones siguientes:<\/strong><\/p>\n\n\n\n<p>a) El interesado impugne la exactitud de los datos personales, durante un plazo que permita a la entidad verificar la exactitud de los mismos;<\/p>\n\n\n\n<p>b) El tratamiento sea il\u00edcito y el interesado se oponga a la supresi\u00f3n de los datos personales y solicite en su lugar la limitaci\u00f3n de su uso;<\/p>\n\n\n\n<p>c) La entidad ya no necesite los datos personales para los fines del tratamiento, pero el interesado los necesite para la formulaci\u00f3n, el ejercicio o la defensa de reclamaciones;<\/p>\n\n\n\n<p>d) El interesado se haya opuesto al tratamiento, mientras se verifica si los motivos leg\u00edtimos de la entidad prevalecen sobre los del interesado.<\/p>\n\n\n\n<p>Cuando el tratamiento de datos personales se haya limitado, dichos datos solo podr\u00e1n ser objeto de tratamiento, con excepci\u00f3n de su conservaci\u00f3n, con el consentimiento del interesado o para la formulaci\u00f3n, el ejercicio o la defensa de reclamaciones, o con miras a la protecci\u00f3n de los derechos de otra persona f\u00edsica o jur\u00eddica o por razones de inter\u00e9s p\u00fablico importante.<\/p>\n\n\n\n<p>Si se considera procedente la limitaci\u00f3n solicitada, se comunicar\u00e1 al interesado que se ha procedido a limitar los datos personales.<\/p>\n\n\n\n<p>Si los datos limitados hubieran sido cedidos previamente, se deber\u00e1 notificar la limitaci\u00f3n efectuada al cesionario, en id\u00e9ntico plazo y por el medio pertinente, para que \u00e9ste a su vez la lleve a cabo en su fichero.<\/p>\n\n\n\n<p>Todo interesado que haya obtenido la limitaci\u00f3n del tratamiento ser\u00e1 informado por la entidad antes del levantamiento de dicha limitaci\u00f3n.<\/p>\n\n\n\n<h3 class=\"wp-block-heading\"><strong>8. DERECHO A LA PORTABILIDAD DE LOS DATOS<\/strong><\/h3>\n\n\n\n<p><strong>El interesado tendr\u00e1 derecho a recibir los datos personales que le incumban y que haya facilitado a Xtreme Group, en un formato estructurado, de uso com\u00fan y lectura mec\u00e1nica, y a transmitirlos a otro responsable del tratamiento sin que lo impida el responsable al que se los hubiera facilitado, cuando:<\/strong><\/p>\n\n\n\n<p>a) El tratamiento est\u00e9 basado en el consentimiento o en un contrato y<\/p>\n\n\n\n<p>b) El tratamiento se efect\u00fae por medios automatizados.<\/p>\n\n\n\n<p>El interesado tendr\u00e1 derecho a que los datos personales se transmitan directamente de responsable a responsable cuando sea t\u00e9cnicamente posible.<\/p>\n\n\n\n<p>Si se considera procedente la portabilidad solicitada, se comunicar\u00e1 al interesado que se ha procedido a portar los datos personales.<\/p>\n\n\n\n<h3 class=\"wp-block-heading\"><strong>9. DERECHO A NO SER OBJETO DE DECISIONES AUTOMATIZADAS<\/strong><\/h3>\n\n\n\n<p><strong>Todo interesado tendr\u00e1 derecho a no ser objeto de una decisi\u00f3n basada \u00fanicamente en el tratamiento automatizado, incluida la elaboraci\u00f3n de perfiles, que produzca efectos jur\u00eddicos en \u00e9l o le afecte significativamente de modo similar. Se except\u00faa lo anterior cuando:<\/strong><\/p>\n\n\n\n<p>a) Sea necesario para la celebraci\u00f3n o ejecuci\u00f3n de un contrato.<\/p>\n\n\n\n<p>b) Est\u00e9 permitido por el Derecho de la UE o de los Estados miembros, con medidas adecuadas para salvaguardar los derechos y libertades del titular de los datos.<\/p>\n\n\n\n<p>c) Exista consentimiento expl\u00edcito del titular de los datos.<\/p>\n\n\n\n<p>En los casos a que se refiere las letras a) y c), la entidad adoptar\u00e1 las medidas adecuadas para salvaguardar los derechos y libertades y los intereses leg\u00edtimos del interesado, como m\u00ednimo el derecho a obtener intervenci\u00f3n humana, a expresar su punto de vista y a impugnar la decisi\u00f3n.<\/p>\n\n\n\n<p>Si se considera procedente el derecho a no ser objeto de decisiones automatizadas, se comunicar\u00e1 al interesado las medidas adoptadas.<\/p>\n\n\n\n<h3 class=\"wp-block-heading\"><strong>10. PLAZO DE CONTESTACI\u00d3N<\/strong><\/h3>\n\n\n\n<p>La solicitud se resolver\u00e1 en el plazo m\u00e1ximo de un mes a contar desde la recepci\u00f3n de la misma.<\/p>\n\n\n\n<p>No obstante lo anterior, en el caso de que la solicitud no cumpla con los requisitos mencionados anteriormente, la entidad comunicar\u00e1 al interesado el defecto en su solicitud en la mayor brevedad de tiempo posible y, a m\u00e1s tardar, dentro del plazo de un mes se\u00f1alado desde su recepci\u00f3n.<\/p>\n\n\n\n<p>En el caso de que el interesado subsanase los defectos de la solicitud, el plazo de un mes para contestar el derecho de acceso comenzar\u00e1 a partir del momento de la recepci\u00f3n de la solicitud y as\u00ed le ser\u00e1 comunicado al interesado.<\/p>\n\n\n\n<p>Si los defectos no fuesen subsanados por el interesado en el plazo de treinta d\u00edas, se le tendr\u00e1 por desistido, procedi\u00e9ndose al env\u00edo de una comunicaci\u00f3n al interesado en tal sentido y al archivo de la solicitud.<\/p>\n\n\n\n<p>El plazo de un mes podr\u00e1 prorrogarse otros dos meses en caso necesario, teniendo en cuenta la complejidad y el n\u00famero de solicitudes. La entidad informar\u00e1 al interesado de cualquiera de dichas pr\u00f3rrogas en el plazo de un mes a partir de la recepci\u00f3n de la solicitud, indicando los motivos de la dilaci\u00f3n.<\/p>\n\n\n\n<p><\/p>\n","protected":false},"excerpt":{"rendered":"<p>En Xtreme Group nos comprometemos a facilitar al interesado el ejercicio de sus derechos a trav\u00e9s de procedimientos gratuitos, visibles, accesibles y sencillos. 1. CAPACIDAD Y CONDICIONES PARA EL EJERCICIO DE LOS DERECHOS El ejercicio de estos derechos es personal\u00edsimo, por lo que s\u00f3lo podr\u00e1n ser ejercidos: a) Por el propio interesado o titular, acreditando [&hellip;]<\/p>\n","protected":false},"author":2,"featured_media":0,"parent":0,"menu_order":0,"comment_status":"closed","ping_status":"closed","template":"","meta":{"footnotes":""},"class_list":["post-5080","page","type-page","status-publish","hentry"],"_links":{"self":[{"href":"https:\/\/xtreme-seguros.com\/index.php\/wp-json\/wp\/v2\/pages\/5080","targetHints":{"allow":["GET"]}}],"collection":[{"href":"https:\/\/xtreme-seguros.com\/index.php\/wp-json\/wp\/v2\/pages"}],"about":[{"href":"https:\/\/xtreme-seguros.com\/index.php\/wp-json\/wp\/v2\/types\/page"}],"author":[{"embeddable":true,"href":"https:\/\/xtreme-seguros.com\/index.php\/wp-json\/wp\/v2\/users\/2"}],"replies":[{"embeddable":true,"href":"https:\/\/xtreme-seguros.com\/index.php\/wp-json\/wp\/v2\/comments?post=5080"}],"version-history":[{"count":3,"href":"https:\/\/xtreme-seguros.com\/index.php\/wp-json\/wp\/v2\/pages\/5080\/revisions"}],"predecessor-version":[{"id":5085,"href":"https:\/\/xtreme-seguros.com\/index.php\/wp-json\/wp\/v2\/pages\/5080\/revisions\/5085"}],"wp:attachment":[{"href":"https:\/\/xtreme-seguros.com\/index.php\/wp-json\/wp\/v2\/media?parent=5080"}],"curies":[{"name":"wp","href":"https:\/\/api.w.org\/{rel}","templated":true}]}}